{"id":1422,"date":"2024-08-06T20:58:53","date_gmt":"2024-08-06T20:58:53","guid":{"rendered":"https:\/\/eppqro.com\/web\/?page_id=1422"},"modified":"2024-08-28T16:12:06","modified_gmt":"2024-08-28T16:12:06","slug":"proteccion-respiratoria","status":"publish","type":"page","link":"https:\/\/eppqro.com\/web\/proteccion-respiratoria\/","title":{"rendered":"PROTECCION RESPIRATORIA"},"content":{"rendered":"\n\n\n<p><font style=\"vertical-align: inherit;\"><font style=\"vertical-align: inherit; color: rgb(255, 255, 255); font-size: medium;\">Respiradores Reutizables Media cara<\/font><\/font><\/p>\n\n\n\n<p><font style=\"vertical-align: inherit;\"><font style=\"vertical-align: inherit; color: rgb(0, 0, 0);\">Especificaciones&nbsp;<\/font><\/font><\/p>\n<p style=\"text-align: justify;\"><span style=\"font-size: 14px;\">La pieza facial de la serie 6000 de bajo mantenimiento,&nbsp;<\/span>Medio Rostro con filtros reemplazables, posee tres&nbsp;diferentes tama\u00f1os, lo que ayuda a lograr un buen ajuste en distintas configuraciones faciales.<\/p>\n\n\n<p><font style=\"vertical-align: inherit;\"><font style=\"vertical-align: inherit; color: rgb(0, 0, 0);\">Descarga la ficha T\u00e9cnica Aqu\u00ed<\/font><\/font><\/p>\n\n\n\n<p><span style=\"font-size: 14px;\"><\/span><\/p><span style=\"color:#000000;\"><strong style=\"color: rgb(0, 0, 0);\"><p><span style=\"font-size: 14px;\"><font style=\"vertical-align: inherit;\"><font style=\"vertical-align: inherit;\">Aprobado por el Instituto NIOSH de Estados Unido<span style=\"color:#000000;\"><\/span>s<\/font><\/font><\/span><\/p><p><span style=\"font-size: 14px;\"><font style=\"vertical-align: inherit;\"><font style=\"vertical-align: inherit;\">(Instituto Nacional para la Seguridad y Salud Ocupacional).<\/font><\/font><\/span><\/p><\/strong><\/span><p><span style=\"font-size: 14px;\"><\/span><\/p>\n\n\n\n\n\n\n<p><font style=\"vertical-align: inherit;\"><font style=\"vertical-align: inherit; color: rgb(255, 255, 255);\">Repiradores Desechables marca MSA<\/font><\/font><\/p>\n\n<p>Modelo 200<\/p>\n<p><br><\/p>\n\n\n<p style=\"color: rgb(255, 255, 255);\">Respiradores Desechables plegable<\/p>\n\n<p><br><\/p>\n<p>Modelo KN95&nbsp;<\/p>\n\n\n<p style=\"color: rgb(255, 255, 255);\">Respirador para particulas de Soldadura<\/p>\n\n<p><br><\/p>\n<p><br><\/p>\n<p>Modelo 8515<\/p>\n<p><span style=\"font-style: inherit; font-weight: inherit; letter-spacing: 0px; color: rgb(75, 75, 75); font-family: &quot;3MCircular&quot;, Arial, &quot;Helvetica Neue&quot;, Helvetica, sans-serif; font-size: 16px; font-variant-ligatures: none;\">Aprobaci\u00f3n NIOSH N95<\/span><\/p>\n\n\n\n\n<p style=\"color: rgb(255, 255, 255);\">Respirador reutilizable marca Honeywell<\/p>\n\n<p>Modelo&nbsp; 770039-M<\/p>\n\n\n<p style=\"color: rgb(255, 255, 255);\">Respirador Reutilizable&nbsp; Marca 3M<\/p>\n\n<p>Modelo 6800<\/p>\n\n\n\n\n\n\n<p><font style=\"vertical-align: inherit;\"><font style=\"vertical-align: inherit; color: rgb(255, 255, 255); font-size: medium;\">Cartuchos Modelo 6003<\/font><\/font><\/p>\n\n\n\n<p><font style=\"vertical-align: inherit;\"><font style=\"vertical-align: inherit; color: rgb(0, 0, 0);\"><strong>Especificaciones&nbsp;<\/strong><\/font><\/font><\/p>\n<p style=\"text-align: justify;\"><span style=\"font-size: 14px;\"><font style=\"vertical-align: inherit;\"><font style=\"vertical-align: inherit;\">La construcci\u00f3n de la base del cartucho permite la&nbsp;<\/font><\/font><\/span><font style=\"vertical-align: inherit;\"><font style=\"vertical-align: inherit;\">distribuci\u00f3n del aire a trav\u00e9s de toda la superficie de las&nbsp;<\/font><\/font>capas de carbono, de tal forma que \u00e9ste se&nbsp; gasta<\/p><p style=\"text-align: justify;\"><span style=\"font-size: 14px;\"><font style=\"vertical-align: inherit;\"><font style=\"vertical-align: inherit;\">uniformemente ya la vez alarga la vida \u00fatil del cartucho.<\/font><\/font><\/span><\/p>\n\n\n<p>Descarga la Ficha T\u00e9cnica Aqu\u00ed<\/p>\n\n\n\n<p style=\"color: rgb(0, 0, 0); text-align: justify;\"><strong><span style=\"font-size: 14px;\"><font style=\"vertical-align: inherit;\"><font style=\"vertical-align: inherit;\">Los cartuchos 3M 6003<\/font><\/font><\/span><font style=\"vertical-align: inherit;\"><font style=\"vertical-align: inherit;\"> &nbsp;est\u00e1n aprobados para la protecci\u00f3n contra vapores org\u00e1nicos y gases \u00e1cidos.<\/font><\/font><\/strong><\/p>\n\n\n\n\n\n\n<p style=\"color: rgb(255, 255, 255); text-align: center;\">Cartucho marca 3M<\/p>\n\n<p><font style=\"vertical-align: inherit;\"><font style=\"vertical-align: inherit;\">METROelo 6001<\/font><\/font><\/p>\n\n\n<p style=\"color: rgb(255, 255, 255); text-align: center;\">Cartucho Marca 3M<\/p>\n\n<p><font style=\"vertical-align: inherit;\"><font style=\"vertical-align: inherit;\">Modelo 6004<\/font><\/font><\/p>\n\n\n<p style=\"color: rgb(255, 255, 255); text-align: center;\">Cartucho Marca 3M<\/p>\n\n<p>Modelo 6002<\/p>\n\n\n\n\n<p><font style=\"vertical-align: inherit;\"><font style=\"vertical-align: inherit; color: rgb(0, 0, 0);\"><strong>Especificaciones&nbsp;<\/strong><\/font><\/font><\/p>\n<p style=\"text-align: justify;\"><span style=\"font-size: 14px;\">Los cartuchos 6006 pueden ser utilizados con los&nbsp;<\/span>respiradores 7500, 7800, FX FF-400 y Serie 6000 de 3M, a&nbsp;su vez brindan una efectiva protecci\u00f3n respiratoria contraciertos vapores org\u00e1nicos etc.<\/p>\n\n\n<p style=\"color: rgb(0, 0, 0); text-align: justify;\"><strong><span style=\"font-size: 14px;\"><font style=\"vertical-align: inherit;\"><font style=\"vertical-align: inherit;\">Aprobado por el Instituto Nacional para la Seguridad y&nbsp;<\/font><\/font><\/span><font style=\"vertical-align: inherit;\"><font style=\"vertical-align: inherit;\"> Salud Ocupacional, de Estados Unidos \u2013 NIOSH.<\/font><\/font><\/strong><\/p>\n\n\n<p>Descarga la Ficha T\u00e9cnica Aqu\u00ed<\/p>\n\n\n\n\n\n<p style=\"color: rgb(255, 255, 255);\">Cartucho Multigas 6006<\/p>\n\n\n\n\n\n<p><font style=\"vertical-align: inherit;\"><font style=\"vertical-align: inherit; color: rgb(255, 255, 255); font-size: medium;\">Respirador 8210 (N95)<\/font><\/font><\/p>\n\n\n\n<p><font style=\"vertical-align: inherit;\"><font style=\"vertical-align: inherit; color: rgb(0, 0, 0);\"><strong>Especificaciones<\/strong><\/font><\/font><\/p>\n<p style=\"text-align: justify;\"><span style=\"font-size: 14px;\"><font style=\"vertical-align: inherit;\"><font style=\"vertical-align: inherit;\">El respirador libre de mantenimiento 3M 8210 brinda una&nbsp;<\/font><\/font><\/span>Protecci\u00f3n respiratoria efectiva, confortable e higi\u00e9nica. contra part\u00edculas s\u00f3lidas y l\u00edquidas sin aceite.<\/p>\n\n\n<p>Descaraga l Ficha T\u00e9cnica Aqu\u00ed<\/p>\n\n\n\n<p style=\"color: rgb(0, 0, 0); text-align: justify;\"><strong><span style=\"font-size: 14px;\"><font style=\"vertical-align: inherit;\"><font style=\"vertical-align: inherit;\">Certificado por (Instituto Nacional de Seguridad en el Trabajo y&nbsp;<\/font><\/font><\/span><font style=\"vertical-align: inherit;\"><font style=\"vertical-align: inherit;\">Health) el NIOSH de Estados Unidos bajo la especificaci\u00f3n N95 de la norma 42CFR84.<\/font><\/font><\/strong><\/p>\n\n\n\n\n\n\n<h2><font style=\"vertical-align: inherit;\"><font style=\"vertical-align: inherit; color: rgb(255, 255, 255);\">Marcas<\/font><\/font><\/h2>\n\n\n<p><br><\/p>\n\n\n\n\n\n\n<p><br><\/p>\n\n\n\n<p><br><\/p>\n\n\n\n<p><br><\/p>\n\n\n\n<p><br><\/p>\n\n\n\n\n\n","protected":false},"excerpt":{"rendered":"","protected":false},"author":1,"featured_media":0,"parent":0,"menu_order":0,"comment_status":"closed","ping_status":"closed","template":"","meta":{"_siteseo_robots_primary_cat":"","pagelayer_contact_templates":[],"_pagelayer_content":"","footnotes":""},"class_list":["post-1422","page","type-page","status-publish","hentry"],"_links":{"self":[{"href":"https:\/\/eppqro.com\/web\/wp-json\/wp\/v2\/pages\/1422","targetHints":{"allow":["GET"]}}],"collection":[{"href":"https:\/\/eppqro.com\/web\/wp-json\/wp\/v2\/pages"}],"about":[{"href":"https:\/\/eppqro.com\/web\/wp-json\/wp\/v2\/types\/page"}],"author":[{"embeddable":true,"href":"https:\/\/eppqro.com\/web\/wp-json\/wp\/v2\/users\/1"}],"replies":[{"embeddable":true,"href":"https:\/\/eppqro.com\/web\/wp-json\/wp\/v2\/comments?post=1422"}],"version-history":[{"count":13,"href":"https:\/\/eppqro.com\/web\/wp-json\/wp\/v2\/pages\/1422\/revisions"}],"predecessor-version":[{"id":2360,"href":"https:\/\/eppqro.com\/web\/wp-json\/wp\/v2\/pages\/1422\/revisions\/2360"}],"wp:attachment":[{"href":"https:\/\/eppqro.com\/web\/wp-json\/wp\/v2\/media?parent=1422"}],"curies":[{"name":"wp","href":"https:\/\/api.w.org\/{rel}","templated":true}]}}