{"id":2372,"date":"2024-08-28T17:22:44","date_gmt":"2024-08-28T17:22:44","guid":{"rendered":"https:\/\/eppqro.com\/web\/?page_id=2372"},"modified":"2024-08-30T00:50:37","modified_gmt":"2024-08-30T00:50:37","slug":"equipos-para-trabajo-en-las-alturas","status":"publish","type":"page","link":"https:\/\/eppqro.com\/web\/equipos-para-trabajo-en-las-alturas\/","title":{"rendered":"Equipos para trabajo en las alturas"},"content":{"rendered":"\n\n\n\n\n\n\n\n\n<p style=\"text-align: center;\"><span style=\"color:#ffffff;\">AIR LEASH<\/span><br><\/p>\n\n\n<div>Eslinga en espiral extensible con acolladores intercambiables.<br><\/div>\n<p>Anillo que permite enganchar la herramienta a un conector del arn\u00e9s entre usos.<br><br><\/p>\n\n\n\n<p style=\"text-align: center;\"><span style=\"color:#ffffff;\">Bolsa porta herramientas DBI-SALA 9504066<\/span><br><\/p>\n\n\n<div>Porta herramienta de 11 compartimentos.<br><\/div>\n<div>Incluye porta escuadra y soporte para barreta.<br><\/div>\n<div>Se coloca en el cintur\u00f3n del arn\u00e9s.<br><\/div>\n\n\n\n\n\n<p style=\"text-align: center;\"><span style=\"color:#ffffff;\">Correas anti-trauma DBI-SALA 9501403<\/span><br><\/p>\n\n\n<div>Se puede incorporar a casi todos los arneses.<br><\/div>\n<div>Instalaci\u00f3n r\u00e1pida y f\u00e1cil.<br><\/div>\n<div>Dise\u00f1o extremadamente compacto y liviano.<br><\/div>\n\n\n\n<p style=\"text-align: center;\"><span style=\"color:#ffffff;\">Eslinga sujeta herramientas DBI-SALA Hook2Loop 1500047<\/span><br><\/p>\n\n\n<div>Capacidad de 6.8 kg (15 lb).<br><\/div>\nTejido trenzado tubular de 5\/8\u201d.\n<div>Eslinga el\u00e1stica para protecci\u00f3n de ca\u00eddas de herramienta.<br><br><\/div>\n\n\n\n\n\n<p><span style=\"color:#ffffff;\">Adaptador de anclaje DBI-SALA 5900551<\/span><br><\/p>\n\n\n<div>Punto fijo de sistema de paso de 1.80 m (6\u2019).<br><\/div>\n<div>Cable de acero inoxidable de 3\/8\u201d (9.5 mm) de di\u00e1metro.<br><\/div>\n<div>Anillos \u201cO\u201d de acero en cada extremo.<br><br><\/div>\n\n\n\n<p style=\"text-align: center;\"><span style=\"color:#ffffff;\">Adaptador de anclaje Hawk 9001<\/span><br><\/p>\n\n\n<div>Punto fijo de sistema de paso.<br><\/div>\n<div>Fabricado con cinta plana de poli\u00e9ster.<br><\/div>\n<div>Anillo \u201cD\u201d de aluminio en un extremo.<br><\/div>\nANSI Z359.18-2017, EN 795:2012.\n\n\n\n\n\n<p style=\"text-align: center;\"><span style=\"color:#ffffff;\">Anclaje COEUR BOLT STEEL<\/span><br><\/p>\n\n\n<span class=\"selectable-text copyable-text\" style=\"white-space-collapse: preserve;\">Extremadamente s\u00f3lida y resistente a la corrosi\u00f3n.<\/span>\n<span class=\"selectable-text copyable-text\" style=\"white-space-collapse: preserve;\">El espesor de la plaqueta y sus bordes redondeados limitan el desgaste de los conectores.<\/span>\n<span class=\"selectable-text copyable-text\" style=\"white-space-collapse: preserve;\">Amplio orificio de conexi\u00f3n que facilita el mosquetoneo y permite instalar dos mosquetones simult\u00e1neamente.<\/span>\n\n\n\n<p style=\"text-align: center; color: rgb(255, 255, 255);\">Anclaje de placa con anillo \u201cD\u201d DBI-SALA 2101630<\/p>\n\n\n<div>Se fija a una estructura como punto de anclaje de detenci\u00f3n de ca\u00eddas mediante torniller\u00eda o soldadura.<br><\/div>\n<div>Construcci\u00f3n de acero de alta resistencia.<br><\/div>\n<div>Extremadamente s\u00f3lida y resistente a la corrosi\u00f3n.<br><\/div>\n\n\n\n\n\n<p style=\"text-align: right;\"><span style=\"color:#ffffff;\">Anclaje deslizable para vigas 2104703<\/span><br><\/p>\n\n\n<div>Gomas de desgaste reemplazables que evitan el contacto metal con metal.<br><\/div>\n<div>Mecanismo de bloqueo protegido.<br><\/div>\n<div>Su construcci\u00f3n de aluminio y acero altamente resistentes a la corrosi\u00f3n brinda durabilidad.<br><\/div>\n\n\n\n<p style=\"color: rgb(255, 255, 255);\">Punto fijo Golden Eagle PF-00-09<\/p>\n\n\n<div>Adaptador de anclaje de .90 m (3\u2019).<br><\/div>\n<div>Banda de poli\u00e9ster de alta tenacidad de 1\u00be\u201d de ancho.<br><\/div>\n<div>Anillo \u201cD\u201d de acero en un extremo.<br><\/div>\nANSI Z359.18-2017.\n\n\n\n\n\n<p style=\"text-align: center;\"><span style=\"color:#ffffff;\">Sistema de anclaje remoto DBI-SALA 2104531<\/span><br><\/p>\n\n\n<div>P\u00e9rtiga ajustable de 2.4 m a 4.8 m (8\u2019 a 16\u2019).<br><\/div>\n<div>Permite instalar, desde el suelo, un adaptador de anclaje o una l\u00ednea de vida vertical port\u00e1til a un punto elevado.<br><\/div>\n<div>Maleta porta equipo incluida.<br><\/div>\n\n\n\n<p style=\"text-align: center;\"><span style=\"color:#ffffff;\">Ascensor ASCENSION<\/span><br><\/p>\n\n\n<div>Compatibilidad con cuerdas de 8 a 13 mm.<br><\/div>\n<div>Construcci\u00f3n de aluminio, acero inoxidable, pl\u00e1stico, caucho y nylon.<br><\/div>\n<div>Abertura amplia que permite que el mango sea f\u00e1cilmente agarrado, incluso con guantes.<br><\/div>\n\n\n\n\n\n<p style=\"text-align: center;\"><span style=\"color: rgb(255, 255, 255);\">Cintur\u00f3n de seguridad Hawk 732<\/span><br><\/p>\n\n\n<div>Anillos \u201cD\u201d de acero laterales.<br><\/div>\n<div>Respaldo de 4\u201d de ancho que brinda comodidad.<br><\/div>\n<div>4 compartimentos porta herramientas.<br><\/div>\n\n\n\n<p style=\"text-align: center;\"><span style=\"color:#ffffff;\">Mosquet\u00f3n Saflok 2000112<\/span><br><\/p>\n\n\n<div>Mosquet\u00f3n de acero galvanizado de 17.5mm (11\/16\u201d) de abertura.<br><\/div>\n<div>Compuerta con seguro de cierre autom\u00e1tico.<br><\/div>\n<div>Altamente resistente a la corrosi\u00f3n.<br><\/div>\n\n\n\n\n\n<p><span style=\"color:#ffffff;\">Descensor autofrenante I\u2019D S<\/span><br><\/p>\n\n\n<div>Compatibilidad con cuerdas de 10mm a 11.5mm.<br><\/div>\n<div>Empu\u00f1adura de control de descenso.<br><\/div>\n<div>Funci\u00f3n antip\u00e1nico.<br><\/div>\n<div>Se instala y desinstala en cualquier punto de la l\u00ednea de vida.<br><\/div>\n\n\n\n<p style=\"text-align: center;\"><span style=\"color:#ffffff;\">Descensor 8 de rescate RescueEight<\/span><br><\/p>\n\n\n<div>Fabricado en aluminio T6.<br><\/div>\n<div>Compatibilidad m\u00e1xima con cuerdas de 10.5mm (Doble cuerda) y 13mm (Una cuerda).<br><\/div>\n<div>Peso: 181 g.<br><\/div>\nFuerza de ruptura: 22 kN.\n\n\n\n\n\n<p style=\"text-align: center;\"><span style=\"color:#ffffff;\">Freno antica\u00eddas Lad-Saf 5000335 para cuerda de 5\/8\u201d<\/span><br><\/p>\n\n\n<div>Debe utilizarse siempre con amortiguador de impacto.<br><\/div>\n<div>F\u00e1cil de instalar y desinstalar en cualquier punto de la l\u00ednea de vida.<br><\/div>\n<div>Su dise\u00f1o exclusivo lo hace menos sensible a las variaciones de la cuerda.<br><\/div>\n\n\n\n<p style=\"text-align: center;\"><span style=\"color:#ffffff;\">SCA-A516 Sujetador de ca\u00eddas Hawk para cable de 5\/16\u201d<\/span><br><\/p>\n\n\n<div>Instalaci\u00f3n tipo mariposa, no necesariamente en los extremos.<br><\/div>\n<div>Leva para ascenso y descenso.<br><\/div>\n<div>Amortiguador de impacto integrado.<br><\/div>\n<div>Construcci\u00f3n de acero inoxidable y poli\u00e9ster\/Kevlar.<br><\/div>\n\n\n\n\n\n<p style=\"text-align: center;\"><span style=\"color:#ffffff;\">ASAP\u2019SORBER<\/span><br><\/p>\n\n\n<div>Amortiguador de impacto para utilizarse con los frenos ASAP y ASAP LOCK.<br><\/div>\n<div>Fabricado en poliamida y poli\u00e9ster.<br><\/div>\n<div>Funda textil que permite inspecciones continuas.<br><\/div>\n\n\n\n<p style=\"text-align: center;\"><span style=\"color:#ffffff;\">ASAP antica\u00eddas para cuerda de 10mm a 13mm<\/span><br><\/p>\n\n\n<div>Sujetador de ca\u00eddas con sistema de bloqueo \u00fanico para l\u00ednea de vida vertical.<br><\/div>\n<div>Para su uso en cuerdas de 10mm a 13mm de di\u00e1metro.<br><\/div>\n<div>Se instala y desinstala en cualquier punto de la l\u00ednea de vida.<br><\/div>\n\n\n\n\n\n<p style=\"text-align: center;\"><span style=\"color:#ffffff;\">Bolsa para cuerda BUCKET 15<\/span><br><\/p>\n\n\n<div>Volumen de 15 litros y capacidad de 50 kg.<br><\/div>\nCierre superior enrollable para proporcionar una protecci\u00f3n \u00f3ptima contra la humedad.<br>\n<div>Mica externa transparente para insertar una tarjeta de identificaci\u00f3n de equipo.<br><\/div>\n\n\n\n<p style=\"text-align: center;\"><span style=\"color:#ffffff;\">ALCANADRE Saco de transporte<\/span><br><\/p>\n\n\n<div>Volumen de 45 litros.<br><\/div>\n<div>Construcci\u00f3n de lona TPU (sin PVC).<br><\/div>\n<div>Hebillas de regulaci\u00f3n DoubleBack irrompibles, de aluminio.<br><\/div>\n\n\n\n\n\n\n\n\n\n\n\n<p style=\"text-align: center;\"><span style=\"color:#ffffff;\">Cuerda AXIS 11 mm con terminal cosido<\/span><br><\/p>\n\n\n<div>Cuerda de poli\u00e9ster y poliamida de 11mm de di\u00e1metro.<br><\/div>\n<div>Terminal cosido con funda de protecci\u00f3n en un extremo.<br><\/div>\nCE EN 1891 type A, EAC, NFPA 1983 Technical Use.\n\n\n\n<p style=\"text-align: center;\"><span style=\"color:#ffffff;\">Cuerda semiest\u00e1tica Tendon STATIC 11<\/span><br><\/p>\n\n\n<div>Cuerda de poliamida de 11mm de di\u00e1metro.<br><\/div>\n<div>Peso: 80 g\/m.<br><\/div>\n<div>N\u00famero de ca\u00eddas (m\u00edn.): 20.<br><\/div>\nCE 1019, EN 1891.\nLongitudes disponibles: 100 y 200 m\n\n\n\n\n\n<p style=\"text-align: center;\"><span style=\"color:#ffffff;\">Cuerda VECTOR 12.5 mm<\/span><br><\/p>\n\n\n<div>Cuerda de poliamida y poli\u00e9ster de 12.5mm de di\u00e1metro.<br><\/div>\nDi\u00e1metro amplio que asegura una alta resistencia y un excelente agarre durante la manipulaci\u00f3n de cargas pesadas.\n\n\n\n<p style=\"text-align: center;\"><span style=\"color:#ffffff;\">Jab\u00f3n para cuerda ROPE WASH<\/span><br><\/p>\n\n\n<div>Jab\u00f3n biodegradable.<br><\/div>\n<div>Puede usarse para lavar a mano y en m\u00e1quina.<br><\/div>\nSobre individual de 24 mL.\n\n\n\n\n\n<p style=\"text-align: center;\"><span style=\"color:#ffffff;\">Protector de cuerda PROTEC<\/span><br><\/p>\n\n\n<div>Funda ligera y resistente (libre de PVC).<br><\/div>\n<div>Protege una cuerda fija de la abrasi\u00f3n.<br><\/div>\nCierre de Velcro y pinza de sujeci\u00f3n para colocarlo f\u00e1cil y r\u00e1pidamente.\n\n\n\n<p style=\"text-align: center;\"><span style=\"color:#ffffff;\">Cinta tubular FLAT TAPE UNIE 26mm<\/span><br><\/p>\n\n\n<div>Cinta de poliamida de 26mm de ancho.<br><\/div>\n<div>Rollo de 100m.<br><\/div>\n<div>Peso: 35 g\/m.<br><br><\/div>\n\n\n\n\n\n\n\n\n\n\n\n<p style=\"text-align: center;\"><span style=\"color:#ffffff;\">Sistema de pasillos de techo<\/span><br><\/p>\n\n\nfijaciones y sujetadores de acero inoxidable.\n<div>Durabilidad: vida \u00fatil superior a 25 a\u00f1os (certificado por BBA).<br><\/div>\nComponentes m\u00ednimos: r\u00e1pido y f\u00e1cil de instalar sin necesidad de penetraci\u00f3n en el techo.\n\n\n\n<p style=\"text-align: center;\"><span style=\"color:#ffffff;\">L\u00ednea de vida vertical para escaleras fijas Stopcable<\/span><br><\/p>\n\n\n<div>Dispositivo de tensi\u00f3n con indicador de fuerza.<br><\/div>\n<div>Disipador de energ\u00eda que protege tanto al trabajador como a la estructura.<br><\/div>\n<div>Gu\u00edas de cable intermedias que mantienen el cable totalmente vertical.<br><\/div>\n\n\n\n\n\n<p style=\"text-align: center;\"><span style=\"color:#ffffff;\">Soporte de montaje para Sistema de Ascenso Asistido SSB DBI-Sala 3511785<\/span><br><\/p>\n\n\n<div>Apto para pelda\u00f1os redondos de 1.9 cm a 3.8 cm (\u00be\u201d a 1\u00bd\u201d) de di\u00e1metro.<br><\/div>\n<div>Soporte de montaje para el sistema de ascenso y arresto de ca\u00eddas SSB.<br><\/div>\n<div>El sistema puede ser instalado por el usuario de una manera f\u00e1cil, r\u00e1pida y segura.<br><\/div>\n\n\n\n<p style=\"text-align: center;\"><span style=\"color:#ffffff;\">L\u00ednea de vida vertical para escaleras fijas Stopcable<\/span><br><\/p>\n\n\n<div>Capacidad: un usuario por sistema.<br><\/div>\n<div>Disponible con cable de 5\/16\u201d (8mm) y 3\/8\u201d (9.5mm) de acero galvanizado o acero inoxidable.<br><\/div>\n<div>Componentes fabricados de acero inoxidable.<br><\/div>\n<div>Gu\u00edas de cable intermedias que mantienen el cable totalmente vertical.<br><\/div>\n\n\n\n\n\n<p style=\"text-align: center;\"><span style=\"color:#ffffff;\"><strong>L\u00ednea de vida vertical Hawk 101<\/strong><\/span><br><\/p>\n\n\n<div>Cuerda de nylon de 5\/8\u201d (16 mm) de di\u00e1metro.<br><\/div>\n<div>Gancho de acero de doble seguro en un extremo.<br><\/div>\n\n\n\n<p style=\"text-align: center;\"><span style=\"color:#ffffff;\">L\u00ednea de vida horizontal GRILLON 5m<\/span><br><\/p>\n\n\n<div>L\u00ednea de vida horizontal port\u00e1til de 5m (16\u2019) de largo.<br><\/div>\n<div>Cuerda de 10.5mm de di\u00e1metro.<br><\/div>\nDispositivo autobloqueante integrado para ajustar la longitud.\n\n\n\n\n\n<p style=\"text-align: center;\"><span style=\"color:#ffffff;\">L\u00ednea de vida horizontal Protecta PRO-Line\u2122 1200101<\/span><br><\/p>\n\n\n<div>L\u00ednea de vida horizontal port\u00e1til de 18.2m (60\u2019) de largo.<br><\/div>\n<div>Cinta de tejido trenzado de poli\u00e9ster de 50.8mm (2\u201d).<br><\/div>\n\n\n\n<p style=\"text-align: center;\"><span style=\"color:#ffffff;\">L\u00ednea de vida horizontal DBI-SALA 7600510 Sayfline\u2122<\/span><br><\/p>\n\n\n<div>L\u00ednea de vida horizontal port\u00e1til de 30.5m (100\u2019) de largo.<br><\/div>\n<div>Cuerda est\u00e1tica de nylon de 17.5mm (11\/16\u201d) de di\u00e1metro.<br><\/div>\n<div>Incluye 2 adaptadores de anclaje de 1.8m (6\u2019).<br><br><\/div>\n\n\n\n\n\n<p style=\"text-align: center;\"><span style=\"color:#ffffff;\">L\u00edneas de Vida Arco El\u00e9ctrico V-SERIES<\/span><br><\/p>\n\n\n<p><font color=\"#000000\">La cubierta protectora del absorbedor de energ\u00eda de Nomex\u00ae ayuda a proteger el amortiguador de impacto, as\u00ed como las etiquetas.<\/font><br><\/p>\nIconograf\u00eda en el absorbedor de energ\u00eda para una f\u00e1cil identificaci\u00f3n de la aplicaci\u00f3n.\n\n\n\n<p style=\"text-align: center;\"><span style=\"color:#ffffff;\">L\u00edneas de Restricci\u00f3n V-SERIES<\/span><br><\/p>\n\n\n<font face=\"Open Sans, sans-serif\"><span style=\"font-size: 18px;\">Ofrece longitudes que van desde 0.9 a 3 mts (3-10 ft) para una gran variedad de aplicaciones.<\/span><\/font><br>\nDisponibles fijas o ajutables, as\u00ed como auto anclaje\n\n\n\n\n\n<p><span style=\"color:#ffffff;\">Amortiguador de impacto Golden Eagle SAX-18<\/span><br><\/p>\n\n\n<div>Eslinga de 1.83 m (6\u2019) con amortiguador de impacto.<br><\/div>\n<div>Cable de acero galvanizado trenzado de \u00bc\u201d (6.4mm) de di\u00e1metro con cubierta pl\u00e1stica.<br><\/div>\n<div>Ganchos de acero con mecanismo de doble seguro en los extremos.<br><\/div>\n\n\n\n<p><span style=\"color:#ffffff;\">Amortiguador de impacto Golden Eagle SAW-DG18<\/span><br><\/p>\n\n\n<div>Eslinga de 1.83 m (6\u2019) de doble brazo con amortiguador de impacto.<br><\/div>\n<div>Banda plana de poli\u00e9ster de alta tenacidad de 1\u201d de ancho.<br><\/div>\n<div>Gancho de acero con mecanismo de doble seguro al centro.<br><\/div>\n\n\n\n\n\n<p style=\"text-align: center;\"><span style=\"color:#ffffff;\">Amortiguador de impacto Golden Eagle SAW-18<\/span><br><\/p>\n\n\n<div>Eslinga de 1.83 m (6\u2019) con amortiguador de impacto.<br><\/div>\n<div>Banda plana de poli\u00e9ster de alta tenacidad de 1\u201d de ancho.<br><\/div>\nGanchos de acero con mecanismo de doble seguro en los extremos.\n\n\n\n<p><span style=\"color:#ffffff;\">Retr\u00e1ctil Hawk H\/RGS-M 50ft<\/span><br><\/p>\n\n\n<div>Carcasa de termopl\u00e1stica.<br><\/div>\n<div>Mosquet\u00f3n de acero con cierre autom\u00e1tico incluido.<br><\/div>\n<div>L\u00ednea de cable de acero galvanizado de 15.2 m (50\u2019) de longitud y 5 mm (3\/16\u201d) de di\u00e1metro.<br><\/div>\n\n\n\n\n\n<p style=\"text-align: center;\"><span style=\"color:#ffffff;\">Retr\u00e1ctil Hawk H\/RGS-M 30ft<\/span><br><\/p>\n\n\n<div>Punto de anclaje giratorio.<br><\/div>\n<div>Carcasa de termopl\u00e1stica.<br><\/div>\n<div>Gancho de seguridad giratorio con cierre autom\u00e1tico e indicador de impacto.<br><\/div>\n\n\n\n<p style=\"text-align: center;\"><span style=\"color:#ffffff;\">L\u00ednea de vida retr\u00e1ctil Rebel 3590034 de 6.10 m<\/span><br><\/p>\n\n\n<div>Carcasa de termopl\u00e1stico resistente, liviana y apilable.<br><\/div>\n<div>Manija ergon\u00f3mica de transporte integrada.<br><\/div>\n<div>Punto de anclaje giratorio.<br><\/div>\n\n\n\n\n\n<p><span style=\"color:#ffffff;\">L\u00ednea de vida retr\u00e1ctil Nano-Lok 3100519<\/span><br><\/p>\n\n\n<div>Carcasa termopl\u00e1stica de alto impacto.<br><\/div>\n<div>Punto de anclaje giratorio.<br><\/div>\n<div>Dise\u00f1o compacto y ligero.<br><\/div>\n\n\n\n<p><span style=\"color:#ffffff;\">L\u00ednea de vida retr\u00e1ctil Fastop N9420 de 6.1 m<\/span><br><\/p>\n\n\n<div>Mosquet\u00f3n de doble acci\u00f3n de acero.<br><\/div>\n<div>Punto de anclaje giratorio.<br><\/div>\n<div>Carcasa termopl\u00e1stica.<br><\/div>\n\n\n\n\n\n<p style=\"text-align: center;\"><span style=\"color:#ffffff;\">Retr\u00e1ctiles V-TEC MINI PFL<\/span><br><\/p>\n\n\n<div><div>Carcasa de policarbonato de alta resistencia transparente, simplificando la inspecci\u00f3n previa a cada uso.<br><\/div><\/div>\n<div>Amplias opciones de ganchos o mosquetones para adaptarse a todo tipo de ambientes de trabajo.<br><\/div>\n<div>Componentes en Acero Inoxidable.<br><\/div>\n\n\n\n<p style=\"text-align: center;\"><span style=\"color:#ffffff;\">Retr\u00e1ctil V-TEC STANDARD,<\/span><br><\/p>\n\n\n<div>Parte:<span style=\"white-space:pre\">\t<\/span>63206-00A<br><\/div>\n<div>Color:<span style=\"white-space:pre\">\t<\/span>CLEAR<br><\/div>\n<div>Grosor:<span style=\"white-space:pre\">\t<\/span>502.000 MM (19.764 IN)<br><\/div>\n<div>Anchura:<span style=\"white-space:pre\">\t<\/span>181.000 MM (7.126 IN)<br><\/div>\n\n\n\n\n\n\n\n\n\n\n\n<p style=\"text-align: center;\"><span style=\"color:#ffffff;\">Dispositivo de rescate y descenso Rollgliss R550<\/span><br><\/p>\n\n\n<div>Rescate y evacuaci\u00f3n de emergencia desde diferentes \u00e1reas de trabajo elevadas.<br><\/div>\n<div>Descenso controlado totalmente autom\u00e1tico.<br><\/div>\n<div>Dise\u00f1o bidireccional que permite rescates m\u00faltiples.<br><\/div>\n\n\n\n<p style=\"text-align: center;\"><span style=\"color:#ffffff;\">Soporte para descensor de emergencia Rollgliss R550<\/span><br><\/p>\n\n\n<div>Fija el dispositivo de rescate y descenso Rollgliss\u2122 R550 a los pelda\u00f1os de una escalera.<br><\/div>\n<div>Manija de ajuste incorporada para distintos espacios entre pelda\u00f1os.<br><\/div>\n<div>Montaje r\u00e1pido y sencillo del R550 al soporte mediante un pin de retenci\u00f3n.<br><\/div>\n\n\n\n\n\n<p><span style=\"color:#ffffff;\">Petzl NEST Camilla de rescate<\/span><br><\/p>\n\n\n<div>Dise\u00f1ada junto con el grupo de rescate Secours Sp\u00e9l\u00e9o Fran\u00e7ais.<br><\/div>\n<div>Permite transportar a un herido en posici\u00f3n horizontal, vertical o inclinada.<br><\/div>\n<div>Arn\u00e9s de sujeci\u00f3n completo integrado en el interior.<br><\/div>\n\n\n\n<p><span style=\"color:#ffffff;\">JAG RESCUE KIT<\/span><br><\/p>\n\n\n<div>Sistema de rescate para descender a una v\u00edctima.<br><\/div>\n<div>Permite izar a la v\u00edctima para desconectarla y descenderla posteriormente.<br><\/div>\n<div>Sistema de polipasto JAG SYSTEM con ventaja mec\u00e1nica 4:1.<br><\/div>\n\n\n\n\n\n\n\n\n\n\n\n<p style=\"text-align: center;\"><span style=\"color:#ffffff;\">Eslinga de posicionamiento Protecta 1385301 PRO\u2122 ajustable<\/span><br><\/p>\n\n\n<div>Eslinga ajustable de 1.80 m (6\u2019) de longitud.<br><\/div>\n<div>Tejido trenzado de poli\u00e9ster resistente a la abrasi\u00f3n.<br><\/div>\n<div>Ganchos de seguridad de cierre autom\u00e1tico en cada extremo.<br><\/div>\n\n\n\n<p style=\"text-align: center;\"><span style=\"color:#ffffff;\">Eslinga de posicionamiento Hawk 602<\/span><br><\/p>\n\n\n<p>Eslinga de 1.80m de longitud.<br><\/p>\n<div>Cinta tubular de poli\u00e9ster.<br><\/div>\n<div>Ganchos de seguridad de acero en cada extremo.<br><\/div>\n<div>Para posicionamiento o restricci\u00f3n de movimiento.<br><\/div>\n\n\n\n\n\n<p style=\"text-align: center;\"><span style=\"color:#ffffff;\">Eslinga de posicionamiento Hawk 6002<\/span><br><\/p>\n\n\n<div>Eslinga de 1.80m de longitud.<br><\/div>\n<div>Cinta tubular de poli\u00e9ster.<br><\/div>\n<div>Ganchos de seguridad de aluminio en cada extremo.<br><\/div>\n\n\n\n<p style=\"text-align: center;\"><span style=\"color:#ffffff;\">Eslinga de posicionamiento DBI-SALA 1232210 ajustable.<\/span><br><\/p>\n\n\n<div>Eslinga ajustable de 1.80 m (6\u2019) de longitud.<br><\/div>\n<div>Cuerda de filamentos de nylon de 3 hilos de 1.3 cm (\u00bd\u201d) de di\u00e1metro.<br><\/div>\n\n\n\n\n\n<p><span style=\"color:#ffffff;\">Cadena de posicionamiento Hawk 692Y-STD<\/span><br><\/p>\n\n\n<div>Ensamble en forma de \u201cY\u201d con cadena de acero tropicalizado de 60 cm (24\u201d) de longitud.<br><\/div>\n<div>Gancho para estructura met\u00e1lica de seguro autom\u00e1tico al centro.<br><\/div>\n<div>Ganchos de seguridad de cierre autom\u00e1tico en los extremos laterales.<br><\/div>\n\n\n\n<p><span style=\"color:#ffffff;\">Cable de posicionamiento Golden Eagle LR100<\/span><br><\/p>\n\n\n<div>Cable de acero galvanizado de \u00bc\u201d de di\u00e1metro.<br><\/div>\n<div>Eslinga de 1.83m de longitud.<br><\/div>\n<div>Ganchos de seguridad de cierre autom\u00e1tico en cada extremo.<br><\/div>\nANSI Z359.1 y Z359.3.\n\n\n\n\n\n<p><span style=\"color:#ffffff;\">Bandola de posicionamiento Golden Eagle BA-TE<\/span><br><\/p>\n\n\n<div>Eslinga de 1.60m de longitud ajustable a 1.15m con refuerzo de piel.<br><\/div>\n<p><span style=\"color:#000000;\">Banda de poli\u00e9ster de alta tenacidad de 47mm de ancho.<\/span><br><\/p>\n\n\n\n<p><br><\/p>\n\n\n\n\n\n\n\n\n\n\n<p style=\"color: rgb(255, 255, 255); text-align: center; font-size: medium;\">Marcas<\/p>\n\n\n<p><br><\/p>\n\n\n\n<p><br><\/p>\n\n\n\n<p><br><\/p>\n\n\n\n<p><br><\/p>\n\n\n\n\n\n\n\n\n\n<p><br><\/p>\n\n\n\n\n\n","protected":false},"excerpt":{"rendered":"","protected":false},"author":1,"featured_media":0,"parent":0,"menu_order":0,"comment_status":"closed","ping_status":"closed","template":"","meta":{"_siteseo_robots_primary_cat":"","pagelayer_contact_templates":[],"_pagelayer_content":"","footnotes":""},"class_list":["post-2372","page","type-page","status-publish","hentry"],"_links":{"self":[{"href":"https:\/\/eppqro.com\/web\/wp-json\/wp\/v2\/pages\/2372","targetHints":{"allow":["GET"]}}],"collection":[{"href":"https:\/\/eppqro.com\/web\/wp-json\/wp\/v2\/pages"}],"about":[{"href":"https:\/\/eppqro.com\/web\/wp-json\/wp\/v2\/types\/page"}],"author":[{"embeddable":true,"href":"https:\/\/eppqro.com\/web\/wp-json\/wp\/v2\/users\/1"}],"replies":[{"embeddable":true,"href":"https:\/\/eppqro.com\/web\/wp-json\/wp\/v2\/comments?post=2372"}],"version-history":[{"count":25,"href":"https:\/\/eppqro.com\/web\/wp-json\/wp\/v2\/pages\/2372\/revisions"}],"predecessor-version":[{"id":2657,"href":"https:\/\/eppqro.com\/web\/wp-json\/wp\/v2\/pages\/2372\/revisions\/2657"}],"wp:attachment":[{"href":"https:\/\/eppqro.com\/web\/wp-json\/wp\/v2\/media?parent=2372"}],"curies":[{"name":"wp","href":"https:\/\/api.w.org\/{rel}","templated":true}]}}