{"id":384,"date":"2024-07-02T18:58:12","date_gmt":"2024-07-02T18:58:12","guid":{"rendered":"https:\/\/eppqro.com\/web\/?page_id=384"},"modified":"2024-08-30T00:20:30","modified_gmt":"2024-08-30T00:20:30","slug":"extintores","status":"publish","type":"page","link":"https:\/\/eppqro.com\/web\/extintores\/","title":{"rendered":"Extintores"},"content":{"rendered":"\n\n\n\n\n\n\n\n<p>Lorem Ipsum has been the industry&#8217;s standard dummy text ever since the 1500s.<\/p>\n\n<span style=\"font-size:medium;\"><p style=\"text-align: center;\"><font style=\"vertical-align: inherit;\"><font style=\"vertical-align: inherit; color: rgb(0, 0, 0);\"><strong style=\"font-size: small;\"><font style=\"vertical-align: inherit;\"><font style=\"vertical-align: inherit; font-size: medium; color: rgb(0, 0, 0);\">Especificaciones&nbsp;<\/font><\/font><\/strong><\/font><\/font><\/p><\/span><p style=\"text-align: center;\"><font style=\"vertical-align: inherit;\"><font style=\"vertical-align: inherit; color: rgb(0, 0, 0);\"><strong><\/strong><\/font><\/font><\/p>\n<p style=\"color: rgb(0, 0, 0);\"><strong style=\"color: rgb(0, 0, 0);\">Incluye: soporte tipo abrazadera para su fijaci\u00f3n.<\/strong><br><\/p>\n<p><font style=\"vertical-align: inherit;\"><font style=\"vertical-align: inherit; color: rgb(0, 0, 0);\"><strong style=\"color: rgb(0, 0, 0);\">Disponible en presentaciones de 2 kilogramos, 3 kilogramos, 4,5 kilogramos, 6 kilogramos y 9 kilogramos.<\/strong><\/font><\/font><br><\/p>\n\n\n\n<p>Lorem Ipsum has been the industry&#8217;s standard dummy text ever since the 1500s.<\/p>\n\n\n\n\n<p>Lorem Ipsum has been the industry&#8217;s standard dummy text ever since the 1500s.<\/p>\n\n\n\n\n<p>Lorem Ipsum has been the industry&#8217;s standard dummy text ever since the 1500s.<\/p>\n\n\n\n\n\n\n\n\n\n\n<p>Lorem Ipsum has been the industry&#8217;s standard dummy text ever since the 1500s.<\/p>\n\n\n\n<p style=\"text-align: center;\"><span style=\"color: rgb(0, 0, 0);\"><strong>Especificaciones&nbsp;<\/strong><\/span><br><\/p>\n<p style=\"\"><font color=\"#000000\"><span style=\"font-size: 14px;\"><font style=\"vertical-align: inherit;\"><font style=\"vertical-align: inherit;\"><strong>Opciones m\u00e1s directas y concisas:<\/strong><\/font><\/font><\/span><\/font><\/p>\n<p style=\"\"><font color=\"#000000\"><span style=\"font-size: 14px;\"><\/span><\/font><\/p><p style=\"\"><font color=\"#000000\"><span style=\"font-size: 14px;\">Ideal para: Sector automotriz.<\/span><\/font><\/p><p style=\"\"><font color=\"#000000\"><span style=\"font-size: 14px;\">Indicado para: Aplicaciones automotrices.<\/span><\/font><\/p><p style=\"\"><font color=\"#000000\"><span style=\"font-size: 14px;\">Perfecto para: Uso en veh\u00edculos.<\/span><\/font><\/p>\n<p style=\"\"><font color=\"#000000\"><span style=\"font-size: 14px;\">Incluye: Sistema de fijaci\u00f3n r\u00e1pido y sencillo mediante abrazadera.<\/span><\/font><br><\/p>\n<p><font style=\"vertical-align: inherit;\"><font style=\"vertical-align: inherit; color: rgb(0, 0, 0);\"><font style=\"vertical-align: inherit;\"><font style=\"vertical-align: inherit;\"><font style=\"vertical-align: inherit;\"><font style=\"vertical-align: inherit;\">Presentaci\u00f3n: Disponible en 3\/4, 1 y&nbsp;2kg, 3kg, 4.5kg, 6kg y 9 kg.<\/font><\/font><\/font><\/font><\/font><\/font><\/p>\n\n\n\n<p>Lorem Ipsum has been the industry&#8217;s standard dummy text ever since the 1500s.<\/p>\n\n\n\n\n<p>Lorem Ipsum has been the industry&#8217;s standard dummy text ever since the 1500s.<\/p>\n\n\n\n\n<p>Lorem Ipsum has been the industry&#8217;s standard dummy text ever since the 1500s.<\/p>\n\n\n\n\n\n\n\n\n\n\n<p>Lorem Ipsum has been the industry&#8217;s standard dummy text ever since the 1500s.<\/p>\n\n<p style=\"text-align: center;\">\n<\/p><p style=\"text-align: center;\"><span style=\"color: rgb(0, 0, 0);\"><strong>Especificaciones&nbsp;<\/strong><\/span><br><\/p>\n<p><font style=\"vertical-align: inherit;\"><font style=\"vertical-align: inherit; color: rgb(0, 0, 0);\"><font style=\"vertical-align: inherit;\"><font style=\"vertical-align: inherit;\">Aplicaci\u00f3n: Se recomienda para uso en almac\u00e9n, f\u00e1bricas con alto riesgo, gasolineras, etc.<\/font><\/font><\/font><\/font><\/p>\n<p><font style=\"vertical-align: inherit;\"><font style=\"vertical-align: inherit; color: rgb(0, 0, 0);\"><font style=\"vertical-align: inherit;\"><font style=\"vertical-align: inherit;\">Incluye manguera de 3 m(unidad de 34 kg) o 5m(Unidad de 50 a 68 Kg).<\/font><\/font><\/font><\/font><\/p>\n<p style=\"color: rgb(0, 0, 0);\"><font style=\"vertical-align: inherit;\"><font style=\"vertical-align: inherit;\"><font style=\"vertical-align: inherit;\"><font style=\"vertical-align: inherit;\">Presentaci\u00f3n: Disponible en 34, 50 y 68 Kg.<\/font><\/font><\/font><\/font><\/p>\n\n\n\n<p>Lorem Ipsum has been the industry&#8217;s standard dummy text ever since the 1500s.<\/p>\n\n\n\n\n<p>Lorem Ipsum has been the industry&#8217;s standard dummy text ever since the 1500s.<\/p>\n\n\n\n\n<p>Lorem Ipsum has been the industry&#8217;s standard dummy text ever since the 1500s.<\/p>\n\n\n\n\n\n\n\n\n\n\n<p><span style=\"color: rgb(0, 0, 0);\"><strong>Especificaciones&nbsp;<\/strong><\/span><br><\/p>\n<p style=\"color: rgb(0, 0, 0);\">Disponible en las siguientes capacidades:<\/p>\n<p style=\"color: rgb(0, 0, 0);\"><font style=\"vertical-align: inherit;\"><font style=\"vertical-align: inherit;\"><font style=\"vertical-align: inherit;\"><font style=\"vertical-align: inherit;\"><font style=\"vertical-align: inherit;\"><font style=\"vertical-align: inherit;\">Automotriz:&nbsp; 3\/4, 1 y 2kg, 3kg, 4,5kg, 6kg y 9kg.<\/font><\/font><\/font><\/font><\/font><\/font><\/p>\n<p style=\"color: rgb(0, 0, 0);\"><font style=\"vertical-align: inherit;\"><font style=\"vertical-align: inherit;\">Industrial : 4,5, 6, 9 y 12 Kg.<\/font><\/font><\/p>\n\n\n\n<p>Lorem Ipsum has been the industry&#8217;s standard dummy text ever since the 1500s.<\/p>\n\n\n\n\n<p>Lorem Ipsum has been the industry&#8217;s standard dummy text ever since the 1500s.<\/p>\n\n\n\n\n<p>Lorem Ipsum has been the industry&#8217;s standard dummy text ever since the 1500s.<\/p>\n\n\n\n\n\n\n\n\n\n\n\n\n<p>Lorem Ipsum has been the industry&#8217;s standard dummy text ever since the 1500s.<\/p>\n\n<span style=\"font-size:large;\"><p><span style=\"font-size: large;\"><font style=\"vertical-align: inherit;\"><font style=\"vertical-align: inherit; color: rgb(0, 0, 0);\"><font style=\"vertical-align: inherit;\"><font style=\"vertical-align: inherit;\"><strong>Especificaciones<\/strong><\/font><\/font><\/font><\/font><\/span><br><\/p><\/span>\n<p style=\"color: rgb(0, 0, 0);\"><font style=\"vertical-align: inherit;\"><font style=\"vertical-align: inherit;\">Incluye detector de Humo tipo i\u00f3nico.<\/font><\/font><\/p>\n<p style=\"color: rgb(0, 0, 0);\"><font style=\"vertical-align: inherit;\"><font style=\"vertical-align: inherit;\"><font style=\"vertical-align: inherit;\"><font style=\"vertical-align: inherit;\">Aplicaciones: Ideales para la protecci\u00f3n contra incendios de fuego de tipo A, B y C.<\/font><\/font><\/font><\/font><\/p>\n<p style=\"color: rgb(0, 0, 0);\"><font style=\"vertical-align: inherit;\"><font style=\"vertical-align: inherit;\"><font style=\"vertical-align: inherit;\"><font style=\"vertical-align: inherit;\">Presentaci\u00f3n: Disponible en 4, 5 y 6 KG.<\/font><\/font><\/font><\/font><\/p>\n\n\n\n<p>Lorem Ipsum has been the industry&#8217;s standard dummy text ever since the 1500s.<\/p>\n\n\n\n\n<p>Lorem Ipsum has been the industry&#8217;s standard dummy text ever since the 1500s.<\/p>\n\n\n\n\n<p>Lorem Ipsum has been the industry&#8217;s standard dummy text ever since the 1500s.<\/p>\n\n\n\n\n\n\n\n\n\n\n\n\n<p>Lorem Ipsum has been the industry&#8217;s standard dummy text ever since the 1500s.<\/p>\n\n\n\n\n\n\n\n<p><span style=\"color: rgb(0, 0, 0);\"><strong style=\"font-size: medium;\"><font style=\"vertical-align: inherit;\"><font style=\"vertical-align: inherit; font-size: medium;\">Especificaciones&nbsp;<\/font><\/font><\/strong><\/span><br><\/p>\n\nAplicaci\u00f3n: F\u00e1bricas, gasolineras, \u00e1rea de manipulaci\u00f3n y transferencia de consbustible, etc.\n<font style=\"vertical-align: inherit;\"><font style=\"vertical-align: inherit;\">Incluye: Soporte tipo perno para su colocaci\u00f3n.<\/font><\/font>\n<font style=\"vertical-align: inherit;\"><font style=\"vertical-align: inherit;\">Presentaci\u00f3n: Disponible en 9L.<\/font><\/font>\n<font style=\"vertical-align: inherit;\"><font style=\"vertical-align: inherit;\">Manijas met\u00e1licas con dise\u00f1o para f\u00e1cil agarre.<\/font><\/font>\n\n\n\n\n\n\n\n\n<p>Lorem Ipsum has been the industry&#8217;s standard dummy text ever since the 1500s.<\/p>\n\n\n\n\n\n\n\n<p style=\"font-size: large; color: rgb(0, 0, 0);\">Especificaciones<\/p>\n\n<font style=\"vertical-align: inherit;\"><font style=\"vertical-align: inherit;\">Aplicaci\u00f3n: F\u00e1brica, gasolinaras, \u00e1rea de manipulaci\u00f3n y transferencia de combustible, etc.<\/font><\/font>\n<font style=\"vertical-align: inherit;\"><font style=\"vertical-align: inherit;\">Incluye soporte perno para su colocaci\u00f3n.<\/font><\/font>\n<font style=\"vertical-align: inherit;\"><font style=\"vertical-align: inherit;\"><font style=\"vertical-align: inherit;\"><font style=\"vertical-align: inherit;\">Manijas met\u00e1licas con dise\u00f1o para un f\u00e1cil agarre.<\/font><\/font><\/font><\/font>\n<font style=\"vertical-align: inherit;\"><font style=\"vertical-align: inherit;\">Extintor de presi\u00f3n contenido cargado a base de agua.<\/font><\/font>\n\n\n\n\n\n\n\n\n<p>Lorem Ipsum has been the industry&#8217;s standard dummy text ever since the 1500s.<\/p>\n\n\n\n\n\n\n\n<p><span style=\"color: rgb(0, 0, 0); font-size: large;\">Especificaciones&nbsp;<\/span><br><\/p>\n\n<font style=\"vertical-align: inherit;\"><font style=\"vertical-align: inherit;\"><font style=\"vertical-align: inherit;\"><font style=\"vertical-align: inherit;\">Unidad m\u00f3vil de presi\u00f3n contenida cargada a base de agua.<\/font><\/font><\/font><\/font>\n<font style=\"vertical-align: inherit;\"><font style=\"vertical-align: inherit;\">Metro maguera de 5 M.<\/font><\/font>\n<font style=\"vertical-align: inherit;\"><font style=\"vertical-align: inherit;\">Aplicaci\u00f3n: F\u00e1bricas, gasolineras, \u00e1rea de manipulaci\u00f3n y transferencia de combustibles, etc.<\/font><\/font>\nPresentaci\u00f3n: Capacidad de 5OL.\n\n\n\n\n\n\n\n\n<p>Lorem Ipsum has been the industry&#8217;s standard dummy text ever since the 1500s.<\/p>\n\n\n<p><span style=\"color: rgb(0, 0, 0); font-size: large;\">Especificaciones&nbsp;<\/span><br><\/p>\n<p><font style=\"vertical-align: inherit;\"><font style=\"vertical-align: inherit; color: rgb(0, 0, 0);\">Incluye detector de humo tipo i\u00f3nico.&nbsp;<\/font><\/font><\/p>\n<p><font style=\"vertical-align: inherit;\"><font style=\"vertical-align: inherit;\"><font style=\"vertical-align: inherit;\"><font style=\"vertical-align: inherit; color: rgb(0, 0, 0);\"><font style=\"vertical-align: inherit;\"><font style=\"vertical-align: inherit;\">Aplicaci\u00f3n: Ideales para la protecci\u00f3n contra incendios de aparatos o equipos delicados ubicados en interiores de entornos industriales como: Salas de c\u00f3mputo, consultorios, laboratorios, museos entre otros.<\/font><\/font><\/font><\/font><\/font><\/font><\/p>\n<p><font style=\"vertical-align: inherit;\"><font style=\"vertical-align: inherit;\"><font style=\"vertical-align: inherit;\"><font style=\"vertical-align: inherit; color: rgb(0, 0, 0);\">Presentaci\u00f3n: disponible en 4,5 y 6 kg.<\/font><\/font><\/font><\/font><\/p>\n\n\n\n<p>Lorem Ipsum has been the industry&#8217;s standard dummy text ever since the 1500s.<\/p>\n\n\n\n\n<p>Lorem Ipsum has been the industry&#8217;s standard dummy text ever since the 1500s.<\/p>\n\n\n\n\n<p>Lorem Ipsum has been the industry&#8217;s standard dummy text ever since the 1500s.<\/p>\n\n\n\n\n\n\n\n\n\n\n<p>Lorem Ipsum has been the industry&#8217;s standard dummy text ever since the 1500s.<\/p>\n\n\n\n\n<p><span style=\"color: rgb(0, 0, 0); font-size: large;\">Especificaciones&nbsp;<\/span><br><\/p>\n<p><font style=\"vertical-align: inherit;\"><font style=\"vertical-align: inherit;\"><font style=\"vertical-align: inherit;\"><font style=\"vertical-align: inherit;\">Aplicaci\u00f3n: Ideales para centrales el\u00e9ctricas, equipo de c\u00f3mputo, equipos de oficina, aparatos el\u00e9ctricos y art\u00edculos sumamente delicados y valiosos.<\/font><\/font><\/font><\/font><\/p>\n<p><font style=\"vertical-align: inherit;\"><font style=\"vertical-align: inherit;\"><font style=\"vertical-align: inherit;\"><font style=\"vertical-align: inherit;\">Incluye: soporte para pared o columnas.<\/font><\/font><\/font><\/font><\/p>\n\n<p><font style=\"vertical-align: inherit;\"><font style=\"vertical-align: inherit;\">Presentacion: disponible 2.4 y 6 Kg.<\/font><\/font><\/p>\n\n\n\n\n<p>Lorem Ipsum has been the industry&#8217;s standard dummy text ever since the 1500s.<\/p>\n\n\n\n\n<p>Lorem Ipsum has been the industry&#8217;s standard dummy text ever since the 1500s.<\/p>\n\n\n\n\n<p>Lorem Ipsum has been the industry&#8217;s standard dummy text ever since the 1500s.<\/p>\n\n\n\n\n\n\n\n\n\n\n\n\n\n<p><a href=\"https:\/\/extin-flam.org\/product\/tambo-arenero-en-color-rojo-c-etiqueta\/\" class=\"woocommerce-LoopProduct-link woocommerce-loop-product__link\" style=\"background-color: rgb(255, 255, 255); color: rgb(204, 51, 102); box-shadow: none; display: block; position: relative; font-family: -apple-system, BlinkMacSystemFont, &quot;Segoe UI&quot;, Roboto, &quot;Helvetica Neue&quot;, Arial, &quot;Noto Sans&quot;, sans-serif, &quot;Apple Color Emoji&quot;, &quot;Segoe UI Emoji&quot;, &quot;Segoe UI Symbol&quot;, &quot;Noto Color Emoji&quot;; font-size: 16px;\"><\/a><\/p><h2 class=\"woocommerce-loop-product__title\" style=\"box-sizing: border-box; margin-block: 0.5rem 1rem; font-family: inherit; font-weight: 500; line-height: 1.2; color: inherit; font-size: 1em; padding: 0.5em 0px; margin: 0px 0px 10px;\">TAMBO ARENERO EN COLOR ROJO C\/ETIQUETA<\/h2>\n\n<p>Lorem Ipsum has been the industry&#8217;s standard dummy text ever since the 1500s.<\/p>\n\n\n\n<p><a href=\"https:\/\/extin-flam.org\/product\/tambo-arenero-mini-c-llantas\/\" class=\"woocommerce-LoopProduct-link woocommerce-loop-product__link\" style=\"background-color: rgb(255, 255, 255); color: rgb(204, 51, 102); box-shadow: none; display: block; position: relative; font-family: -apple-system, BlinkMacSystemFont, &quot;Segoe UI&quot;, Roboto, &quot;Helvetica Neue&quot;, Arial, &quot;Noto Sans&quot;, sans-serif, &quot;Apple Color Emoji&quot;, &quot;Segoe UI Emoji&quot;, &quot;Segoe UI Symbol&quot;, &quot;Noto Color Emoji&quot;; font-size: 16px;\"><\/a><\/p><h2 class=\"woocommerce-loop-product__title\" style=\"box-sizing: border-box; margin-block: 0.5rem 1rem; font-family: inherit; font-weight: 500; line-height: 1.2; color: inherit; font-size: 1em; padding: 0.5em 0px; margin: 0px 0px 10px;\">TAMBO ARENERO MINI C\/LLANTAS<\/h2>\n\n<p>Lorem Ipsum has been the industry&#8217;s standard dummy text ever since the 1500s.<\/p>\n\n\n\n<p><a href=\"https:\/\/extin-flam.org\/product\/tambo-arenero-mini-c-columpio\/\" class=\"woocommerce-LoopProduct-link woocommerce-loop-product__link\" style=\"background-color: rgb(255, 255, 255); color: rgb(204, 51, 102); box-shadow: none; display: block; position: relative; font-family: -apple-system, BlinkMacSystemFont, &quot;Segoe UI&quot;, Roboto, &quot;Helvetica Neue&quot;, Arial, &quot;Noto Sans&quot;, sans-serif, &quot;Apple Color Emoji&quot;, &quot;Segoe UI Emoji&quot;, &quot;Segoe UI Symbol&quot;, &quot;Noto Color Emoji&quot;; font-size: 16px;\"><\/a><\/p><h2 class=\"woocommerce-loop-product__title\" style=\"box-sizing: border-box; margin-block: 0.5rem 1rem; font-family: inherit; font-weight: 500; line-height: 1.2; color: inherit; font-size: 1em; padding: 0.5em 0px; margin: 0px 0px 10px;\">TAMBO ARENERO MINI C\/COLUMPIO<\/h2>\n\n<p>Lorem Ipsum has been the industry&#8217;s standard dummy text ever since the 1500s.<\/p>\n\n\n\n\n\n<p><a href=\"https:\/\/extin-flam.org\/product\/funda-cubre-extintor-ventana-chica\/\" class=\"woocommerce-LoopProduct-link woocommerce-loop-product__link\" style=\"background-color: rgb(255, 255, 255); color: rgb(204, 51, 102); box-shadow: none; display: block; position: relative; font-family: -apple-system, BlinkMacSystemFont, &quot;Segoe UI&quot;, Roboto, &quot;Helvetica Neue&quot;, Arial, &quot;Noto Sans&quot;, sans-serif, &quot;Apple Color Emoji&quot;, &quot;Segoe UI Emoji&quot;, &quot;Segoe UI Symbol&quot;, &quot;Noto Color Emoji&quot;; font-size: 16px;\"><\/a><\/p><h2 class=\"woocommerce-loop-product__title\" style=\"box-sizing: border-box; margin-block: 0.5rem 1rem; font-family: inherit; font-weight: 500; line-height: 1.2; color: inherit; font-size: 1em; padding: 0.5em 0px; margin: 0px 0px 10px;\">FUNDA CUBRE EXTINTOR VENTANA CHICA<\/h2>\n\n<p>Lorem Ipsum has been the industry&#8217;s standard dummy text ever since the 1500s.<\/p>\n\n\n\n<p><a href=\"https:\/\/extin-flam.org\/product\/funda-para-extintor-movil-estandar\/\" class=\"woocommerce-LoopProduct-link woocommerce-loop-product__link\" style=\"background-color: rgb(255, 255, 255); color: rgb(204, 51, 102); box-shadow: none; display: block; position: relative; font-family: -apple-system, BlinkMacSystemFont, &quot;Segoe UI&quot;, Roboto, &quot;Helvetica Neue&quot;, Arial, &quot;Noto Sans&quot;, sans-serif, &quot;Apple Color Emoji&quot;, &quot;Segoe UI Emoji&quot;, &quot;Segoe UI Symbol&quot;, &quot;Noto Color Emoji&quot;; font-size: 16px;\"><\/a><\/p><h2 class=\"woocommerce-loop-product__title\" style=\"box-sizing: border-box; margin-block: 0.5rem 1rem; font-family: inherit; font-weight: 500; line-height: 1.2; color: inherit; font-size: 1em; padding: 0.5em 0px; margin: 0px 0px 10px;\">FUNDA PARA EXTINTOR M\u00d3VIL EST\u00c1NDAR<\/h2>\n\n<p>Lorem Ipsum has been the industry&#8217;s standard dummy text ever since the 1500s.<\/p>\n\n\n\n<p><a href=\"https:\/\/extin-flam.org\/product\/funda-para-cubrir-hidrantes\/\" class=\"woocommerce-LoopProduct-link woocommerce-loop-product__link\" style=\"background-color: rgb(255, 255, 255); color: rgb(204, 51, 102); box-shadow: none; display: block; position: relative; font-family: -apple-system, BlinkMacSystemFont, &quot;Segoe UI&quot;, Roboto, &quot;Helvetica Neue&quot;, Arial, &quot;Noto Sans&quot;, sans-serif, &quot;Apple Color Emoji&quot;, &quot;Segoe UI Emoji&quot;, &quot;Segoe UI Symbol&quot;, &quot;Noto Color Emoji&quot;; font-size: 16px;\"><\/a><\/p><h2 class=\"woocommerce-loop-product__title\" style=\"box-sizing: border-box; margin-block: 0.5rem 1rem; font-family: inherit; font-weight: 500; line-height: 1.2; color: inherit; font-size: 1em; padding: 0.5em 0px; margin: 0px 0px 10px;\">FUNDA PARA CUBRIR HIDRANTES<\/h2>\n\n<p>Lorem Ipsum has been the industry&#8217;s standard dummy text ever since the 1500s.<\/p>\n\n\n\n\n\n<p><a href=\"https:\/\/extin-flam.org\/product\/funda-para-hidrante-ventana-clara\/\" class=\"woocommerce-LoopProduct-link woocommerce-loop-product__link\" style=\"background-color: rgb(255, 255, 255); color: rgb(204, 51, 102); box-shadow: none; display: block; position: relative; font-family: -apple-system, BlinkMacSystemFont, &quot;Segoe UI&quot;, Roboto, &quot;Helvetica Neue&quot;, Arial, &quot;Noto Sans&quot;, sans-serif, &quot;Apple Color Emoji&quot;, &quot;Segoe UI Emoji&quot;, &quot;Segoe UI Symbol&quot;, &quot;Noto Color Emoji&quot;; font-size: 16px;\"><\/a><\/p><h2 class=\"woocommerce-loop-product__title\" style=\"box-sizing: border-box; margin-block: 0.5rem 1rem; font-family: inherit; font-weight: 500; line-height: 1.2; color: inherit; font-size: 1em; padding: 0.5em 0px; margin: 0px 0px 10px;\">FUNDA PARA HIDRANTE VENTANA CLARA<\/h2>\n\n<p>Lorem Ipsum has been the industry&#8217;s standard dummy text ever since the 1500s.<\/p>\n\n\n\n<p><a href=\"https:\/\/extin-flam.org\/product\/funda-cubre-extintor-ventana-grande\/\" class=\"woocommerce-LoopProduct-link woocommerce-loop-product__link\" style=\"background-color: rgb(255, 255, 255); color: rgb(51, 51, 102); box-shadow: none; display: block; position: relative; font-family: -apple-system, BlinkMacSystemFont, &quot;Segoe UI&quot;, Roboto, &quot;Helvetica Neue&quot;, Arial, &quot;Noto Sans&quot;, sans-serif, &quot;Apple Color Emoji&quot;, &quot;Segoe UI Emoji&quot;, &quot;Segoe UI Symbol&quot;, &quot;Noto Color Emoji&quot;; font-size: 16px;\"><\/a><\/p><h2 class=\"woocommerce-loop-product__title\" style=\"box-sizing: border-box; margin-block: 0.5rem 1rem; font-family: inherit; font-weight: 500; line-height: 1.2; color: inherit; font-size: 1em; padding: 0.5em 0px; margin: 0px 0px 10px;\">FUNDA CUBRE EXTINTOR VENTANA GRANDE<\/h2>\n\n<p>Lorem Ipsum has been the industry&#8217;s standard dummy text ever since the 1500s.<\/p>\n\n\n\n<p><a href=\"https:\/\/extin-flam.org\/product\/funda-para-carrete-de-hidrante-extin-flam\/\" class=\"woocommerce-LoopProduct-link woocommerce-loop-product__link\" style=\"background-color: rgb(255, 255, 255); color: rgb(51, 51, 102); box-shadow: none; display: block; position: relative; font-family: -apple-system, BlinkMacSystemFont, &quot;Segoe UI&quot;, Roboto, &quot;Helvetica Neue&quot;, Arial, &quot;Noto Sans&quot;, sans-serif, &quot;Apple Color Emoji&quot;, &quot;Segoe UI Emoji&quot;, &quot;Segoe UI Symbol&quot;, &quot;Noto Color Emoji&quot;; font-size: 16px;\"><\/a><\/p><h2 class=\"woocommerce-loop-product__title\" style=\"box-sizing: border-box; margin-block: 0.5rem 1rem; font-family: inherit; font-weight: 500; line-height: 1.2; color: inherit; font-size: 1em; padding: 0.5em 0px; margin: 0px 0px 10px;\">FUNDA PARA CARRETE DE HIDRANTE EXTIN FLAM<\/h2>\n\n<p>Lorem Ipsum has been the industry&#8217;s standard dummy text ever since the 1500s.<\/p>\n\n\n\n\n\n\n\n\n\n\n<h2><font style=\"vertical-align: inherit;\"><font style=\"vertical-align: inherit;\"><span style=\"color: rgb(255, 255, 255);\"><strong>Marcas<\/strong><\/span><\/font><\/font><\/h2>\n\n\n\n\n\n\n\n\n\n\n\n\n\n\n\n\n\n\n\n<h2><font style=\"vertical-align: inherit;\"><font style=\"vertical-align: inherit;\"><u>Solicita tu coticaci\u00f3n dando clic aqu\u00ed.<\/u><\/font><\/font><\/h2>\n<p style=\"text-align: center; color: rgb(255, 255, 255);\">Alguno de nuestros asesores de venta te atendera.<\/p>\n\n\n","protected":false},"excerpt":{"rendered":"","protected":false},"author":1,"featured_media":0,"parent":0,"menu_order":0,"comment_status":"closed","ping_status":"closed","template":"","meta":{"_siteseo_robots_primary_cat":"","pagelayer_contact_templates":[],"_pagelayer_content":"","footnotes":""},"class_list":["post-384","page","type-page","status-publish","hentry"],"_links":{"self":[{"href":"https:\/\/eppqro.com\/web\/wp-json\/wp\/v2\/pages\/384","targetHints":{"allow":["GET"]}}],"collection":[{"href":"https:\/\/eppqro.com\/web\/wp-json\/wp\/v2\/pages"}],"about":[{"href":"https:\/\/eppqro.com\/web\/wp-json\/wp\/v2\/types\/page"}],"author":[{"embeddable":true,"href":"https:\/\/eppqro.com\/web\/wp-json\/wp\/v2\/users\/1"}],"replies":[{"embeddable":true,"href":"https:\/\/eppqro.com\/web\/wp-json\/wp\/v2\/comments?post=384"}],"version-history":[{"count":56,"href":"https:\/\/eppqro.com\/web\/wp-json\/wp\/v2\/pages\/384\/revisions"}],"predecessor-version":[{"id":2645,"href":"https:\/\/eppqro.com\/web\/wp-json\/wp\/v2\/pages\/384\/revisions\/2645"}],"wp:attachment":[{"href":"https:\/\/eppqro.com\/web\/wp-json\/wp\/v2\/media?parent=384"}],"curies":[{"name":"wp","href":"https:\/\/api.w.org\/{rel}","templated":true}]}}